+ 72*o**2 + 10*o + 186. Calculate b(-18).
6
Let a(k) = k**3 + 41*k**2 - 248*k - 251. Give a(-46).
577
Let y(l) = -223*l**2 + 19598*l + 2283. Give y(88).
-5
Let o(v) = 40569*v - 1500983. What is o(37)?
70
Let o(w) = w**2 - 1663*w - 11555. Give o(-7).
135
Let z(q) = -8220*q + 1759009. Give z(214).
-71
Let z(y) = 54589*y + 163692. What is z(-3)?
-75
Let r(g) = 21*g**2 + 3302*g + 102002. Determine r(-115).
-3
Let d(f) = -3*f**3 - 26*f**2 - 15*f - 415. Calculate d(-10).
135
Let t(d) = d**3 + 417*d**2 + 3658*d - 122. Determine t(-9).
4
Let x(m) = 3*m**2 - 422*m + 9505. Determine x(28).
41
Let i(d) = 6*d**3 - 50*d**2 - 49*d + 114. Determine i(-2).
-36
Let l(m) = -11348*m + 329097. Give l(29).
5
Let l(s) = -4*s**3 + 6*s**2 - 2*s - 117. Give l(8).
-1797
Let z(n) = 4*n**3 + 276*n**2 - 2448*n + 1314. Calculate z(-77).
82
Let o(k) = 126041*k - 378234. Give o(3).
-111
Let t(y) = -3*y**2 + 6780*y + 109144. Give t(-16).
-104
Let a(q) = q**3 + 117*q**2 - 19*q + 702. What is a(-117)?
2925
Let c(y) = 320897*y + 1604489. Give c(-5).
4
Let i(a) = 379825*a - 3038593. Calculate i(8).
7
Let b(u) = 1925373*u - 36582076. Determine b(19).
11
Let r(k) = k**3 - 17*k**2 - 1792*k + 2931. Give r(51).
-27
Let y(c) = -c**3 - 26271*c**2 + 157655*c + 47. Calculate y(6).
5
Let t(g) = -1293*g - 139576. Determine t(-108).
68
Let g(j) = -101*j**2 - 1554*j + 4706. What is g(3)?
-865
Let l(c) = 3639*c + 1011920. What is l(-278)?
278
Let k(c) = 52317*c + 3295960. What is k(-63)?
-11
Let b(r) = -228*r**2 - 118*r + 38. Determine b(-1).
-72
Let o(f) = 86858*f - 6514347. What is o(75)?
3
Let l(i) = 1036*i + 29796. What is l(-29)?
-248
Let b(z) = -689*z**2 - 2704*z + 200. Calculate b(-4).
-8
Let d(w) = 116268*w + 1046434. Calculate d(-9).
22
Let b(r) = r**3 - 153*r**2 + 419*r - 17655. What is b(151)?
12
Let r(p) = -105687*p - 5284378. Give r(-50).
-28
Let n(f) = 280*f + 20279. Give n(-73).
-161
Let h(d) = -12*d**2 - 503*d + 2487. What is h(5)?
-328
Let w(c) = 238*c**2 + 1677*c + 41. Give w(-7).
-36
Let l(h) = 743*h + 183494. Give l(-247).
-27
Let x(t) = -11*t**2 - 9104*t + 39890. Calculate x(-832).
-46
Let n(q) = 106*q**2 + 36*q + 1011. Give n(0).
1011
Let p(g) = 2*g**2 - 211*g + 4906. Give p(58).
-604
Let c(s) = -31*s**2 - 58*s + 57. Determine c(5).
-1008
Let d(q) = -q**3 + 16*q**2 + 50*q - 1082. Determine d(10).
18
Let l(b) = 2*b**3 + 56*b**2 - 1046*b - 24. Determine l(13).
236
Let c(a) = 53*a**3 + 117*a**2 + 11*a + 22. Give c(-2).
44
Let r(f) = 27*f**2 - 515*f + 73. Give r(19).
35
Let o(c) = -4*c**2 + 150*c + 816. Determine o(37).
890
Let c(m) = -2324*m**2 - 6794*m + 529. Calculate c(-3).
-5
Let i(a) = a**2 + 4645*a - 523045. What is i(110)?
5
Let u(a) = a**3 - 165*a**2 - 3483*a + 211. What is u(-19)?
-36
Let f(l) = -2*l**3 - 356*l**2 - 1382*l + 2018. What is f(-174)?
278
Let j(r) = -5*r**2 + 41*r + 14450. Give j(58).
8
Let i(l) = l**3 + 17*l**2 + 72*l + 34. What is i(-14)?
-386
Let z(g) = 2*g**3 - 859*g**2 + 420*g + 3736. Determine z(429).
-125
Let j(g) = -7*g**2 + 971*g + 2315. Determine j(141).
59
Let r(a) = a**3 + 18*a**2 + 67*a + 502. Calculate r(-19).
-1132
Let i(t) = -16*t**2 - 615*t - 5790. Determine i(-22).
-4
Let l(z) = z**3 - 11*z**2 - 136*z - 449. Give l(0).
-449
Let t(g) = 3688*g - 656139. What is t(178)?
325
Let k(x) = 1099*x**2 - 40682*x + 693. What is k(37)?
-10
Let h(g) = 28939*g - 173190. Give h(6).
444
Let l(s) = -5*s**3 - 431*s**2 + 48061*s + 191. Calculate l(64).
-1
Let g(t) = 2*t**3 + 222*t**2 + 1135*t - 865. Calculate g(-6).
-115
Let g(n) = n**3 + 131*n**2 - 68908*n + 5740. Determine g(205).
0
Let w(o) = o**3 + 2*o**2 - 412*o - 5077. Calculate w(24).
11
Let r(t) = -t**2 + 236*t + 94853. What is r(448)?
-123
Let w(y) = 200*y - 18088. Give w(89).
-288
Let a(q) = -4024*q - 88622. Give a(-22).
-94
Let m(v) = 2283*v + 255635. What is m(-112)?
-61
Let o(h) = h**3 + 149*h**2 + 2101*h - 420. Calculate o(-16).
12
Let f(b) = 24*b + 5635. What is f(-187)?
1147
Let o(q) = -79*q**3 + 2451*q**2 - 64*q + 72. Calculate o(31).
10
Let k(q) = -656916*q + 656921. Determine k(1).
5
Let g(x) = -165212*x - 1156460. Give g(-7).
24
Let t(c) = -4*c**3 - 126*c**2 + 2556*c - 117. Give t(14).
-5
Let t(m) = 2*m**3 + 257*m**2 + 371*m - 1384. Determine t(-127).
-114
Let w(q) = 766*q**2 + 1026458*q + 24127. Calculate w(-1340).
7
Let z(i) = 422*i + 4734. Calculate z(-11).
92
Let v(m) = 6510*m + 1790244. Determine v(-275).
-6
Let y(w) = -18342*w - 256769. What is y(-14)?
19
Let i(j) = -15*j**3 + 7*j**2 - 8*j - 6. Give i(4).
-886
Let p(b) = b**3 - 42*b**2 - 2240*b + 94078. Give p(42).
-2
Let g(v) = 301*v + 55920. What is g(-187)?
-367
Let h(f) = 2*f**3 + 45*f**2 - 360*f - 124. Give h(-27).
3035
Let s(q) = q**2 + 22320*q - 66963. What is s(3)?
6
Let x(u) = -55*u**3 + 396*u**2 - 3*u - 72. Calculate x(7).
446
Let z(c) = -c**3 + 58*c**2 + 30*c - 1738. Give z(58).
2
Let a(l) = -336*l**2 + 160964*l - 9533. Determine a(479).
47
Let j(s) = -16*s**2 - 36*s - 1. What is j(5)?
-581
Let v(g) = 365*g + 442. Give v(0).
442
Let s(y) = -2*y**3 + 138*y**2 - 381*y - 386. Give s(66).
604
Let z(b) = -12181*b - 2947808. Calculate z(-242).
-6
Let m(r) = -18*r**2 - 154*r - 174. Give m(-9).
-246
Let h(m) = 3445*m - 24785. What is h(7)?
-670
Let i(r) = -2*r**3 - 10*r**2 + 917*r - 78. Determine i(19).
17
Let g(b) = 2*b**3 - 132*b**2 - 1361*b + 727. What is g(75)?
-98
Let y(d) = -19*d**3 - 283413*d - 283411. Determine y(-1).
21
Let g(j) = j**3 + 507*j**2 + 4923*j - 463. Determine g(-10).
7
Let o(a) = -207*a**2 - 55267*a + 540. Calculate o(-267).
6
Let y(g) = g**2 - 97*g - 2630. What is y(119)?
-12
Let n(x) = -3*x**2 - 5211*x - 188709. Give n(-37).
-9
Let a(c) = -32711*c + 130835. What is a(4)?
-9
Let y(w) = 12*w**3 - 164*w**2 - 455*w + 256. Calculate y(16).
144
Let l(z) = 84*z**2 - 582*z + 2870. Determine l(5).
2060
Let g(w) = -2*w**2 - 358*w + 155071. Determine g(203).
-21
Let k(n) = -n**3 - 56*n**2 - 600*n - 277. Calculate k(-14).
-109
Let a(x) = -x**3 - 308*x**2 - 682*x - 21419. What is a(-306)?
1
Let l(g) = 4*g**2 - 3647*g + 32814. Calculate l(9).
315
Let q(h) = 6*h**3 - 1229*h**2 - 226*h + 4319. Determine q(205).
14
Let u(w) = -5*w**3 + 40*w**2 - 111*w + 1406. Calculate u(9).
2
Let x(k) = -1148*k - 441957. Give x(-385).
23
Let j(m) = -2*m**2 - 28758*m - 316180. Calculate j(-11).
-84
Let z(x) = 2*x**3 - 53*x**2 + 3*x + 384. Determine z(3).
-30
Let f(a) = -a**3 + 338*a**2 - 24449*a - 577. Calculate f(105).
1103
Let x(w) = -5*w**3 - 1643*w**2 - 9043*w + 318. Give x(-323).
-5
Let u(t) = -9*t**3 - 2707*t**2 + 3319*t - 903. Determine u(-302).
3
Let w(v) = -v**3 - 635*v**2 - 91695*v - 3718. Calculate w(-413).
-1
Let j(b) = 1566*b - 1290240. Give j(824).
144
Let u(k) = -13*k**2 + 203*k + 957. What is u(19)?
121
Let u(q) = 11*q**3 + 5*q**2 - 245*q + 1361. What is u(6)?
2447
Let n(a) = -a**3 + 23*a**2 + 801*a + 62. What is n(-19)?
5
Let r(o) = -4564*o + 28134. Calculate r(6).
750
Let i(c) = c**2 - 128*c - 41255. What is i(277)?
18
Let t(f) = 51048*f + 101950. What is t(-2)?
-146
Let o(p) = -168*p**2 - 2345*p + 125. Determine o(-14).
27
Let y(o) = -9*o**3 - 88*o**2 + 57*o + 379. Calculate y(-10).
9
Let a(i) = 131*i + 11080. What is a(-83)?
207
Let r(s) = -54906*s - 933294. Give r(-17).
108
Let p(o) = -o**2 - 2155*o - 95072. Give p(-45).
-122
Let x(c) = 5993*c**2 + 791099*c + 3026. Give x(-132).
-10
Let a(k) = -30*k**3 + 17*k**2 + 105*k + 115. Determine a(-1).
57
Let a(z) = -119766*z - 119749. Give a(-1).
17
Let c(y) = -56*y**2 - 2847*y + 12310. What is c(4)?
26
Let y(v) = -2*v**2 + 788*v + 13028. Give y(-16).
-92
Let m(c) = 3866*c - 30916. Give m(8).
12
Let d(u) = -19*u**2 - 3777*u + 23087. Give d(6).
-259
Let o(b) = 1041*b + 5883. What is o(-5)?
678
Let b(k) = -9247*k - 36891. What is b(-4)?
97
Let z(k) = k**2 + 10488*k + 62897. Determine z(-6).
5
Let c(x) = -1580*x - 682467. Determine c(-432).
93
Let y(v) = 136*v + 5659. Calculate y(-43).
-189
Let h(l) = 4*l**2 + 2753*l + 41088. Determine h(-15).
693
Let v(k) = 794*k + 97712. Determine v(-123).
50
Let f(u) = -10248*u**2 - 2121345*u - 1860. Calculate f(-207).
3
Let d(s) = -36*s - 12902. What is d(-359)?
22
Let n(x) = -41*x - 165. What is n(7)?
-452
Let a(m) = m**3 - 123*m**2 - 791*m + 782. What is a(129)?
-1411
Let t(c) = -c**3 + 10*c**2 + 37*c - 157. Give t(9).
257
Let y(f) 